. What is the units digit of y?
6
Let m = -5 + -3. Let c = 13 - m. What is the units digit of c?
1
Let g = 96 - 6. Suppose -2*w - 2*u - 3*u + 195 = 0, g = w + u. What is the tens digit of w?
8
Suppose 170 = -2*j + 5*u + 1002, 0 = -3*u + 6. What is the tens digit of j?
2
Suppose 56*m - 55*m - q = 240, -q = -4. What is the units digit of m?
4
Let x be -4*-9*52/(-48). What is the tens digit of x/(-26)*4*3?
1
Suppose 5*w + 10 = 0, 0 = -n + w + 3683 + 1910. What is the tens digit of n?
9
Let b(q) = 2*q - 5. Let s be b(4). Suppose p - z = -0 + 2, 2*p + s*z = -6. Suppose p = 2*r - 4*i - 62, 2*r + 5*i - 62 = -0*r. What is the tens digit of r?
3
Suppose 5*o - 346 = 504. Let z = 4 + 1. Suppose 0 = 4*b + 5*d - 281, 3*b - o = -z*d + 37. What is the units digit of b?
4
What is the hundreds digit of 312/(-572) - (-6876)/22?
3
Let v = -3 + -12. Let d(b) = -2*b - 19. What is the tens digit of d(v)?
1
Let t = 286 + -168. Let r = t - 66. What is the tens digit of r?
5
What is the hundreds digit of (-4)/(-28)*49/14*8256?
1
Let h(r) = r**3 - 8*r**2 + r - 11. Suppose 4*g - 50 = -g. What is the hundreds digit of h(g)?
1
Suppose 50*x + x - 98073 = 0. What is the tens digit of x?
2
Let h be 966/(-9) - 4/6. Let m be (h/30)/((-6)/15). Let w = m + 7. What is the units digit of w?
6
Let x(y) = -y**3 - 4*y**2 - y + 2. Let j be x(-3). Let l be ((-3)/9)/(j/12). What is the tens digit of 3 - 38/(-2) - l?
2
Suppose 0 = 3*g - 15, -2*m + 4*m - 1061 = g. Let u = -301 + m. What is the hundreds digit of u?
2
Let g be 8/10*2*-5. Let m(y) = -4*y + 15. What is the tens digit of m(g)?
4
Let i(q) = 65*q - 22. What is the units digit of i(4)?
8
Suppose 4*i + 2*u - 11918 = 0, i - 2*u + u - 2978 = 0. What is the thousands digit of i?
2
Let q be 1*528/15*10. Suppose 0 = 8*w - 12*w + q. What is the units digit of w?
8
Suppose 17*o - 21*o - 404 = -5*c, -o + 88 = c. What is the units digit of c?
4
What is the tens digit of 813/(5 + (-20)/5)?
1
Suppose -8 = 2*t, -3*r + 27 = -5*t + 2*t. Suppose -48 = -r*w + 3*w. What is the units digit of w?
4
Suppose -21*k = -17*k - 716. What is the units digit of k?
9
What is the thousands digit of 191595/75 + (-21)/(-15)?
2
Let m(s) = s**3 - 15*s**2 + 6*s - 12. Let z be m(15). Suppose -3*n - 4*k = -z, n - 19 = 2*k - k. What is the tens digit of n?
2
Let d(r) be the third derivative of 11*r**5/60 - r**4/12 + r**3/2 + 89*r**2 - 2*r. Let h(s) = -s + 7. Let j be h(5). What is the units digit of d(j)?
3
Suppose 0 = 14*b - 18*b. Let j be -2 + 3 + -3 + b. What is the units digit of 1/(j/(-72)) - 3?
3
Let k = 147 + -144. Let z(v) = 2*v - 1 + 0*v + v**3 + 3*v**2 - 5*v**2. What is the units digit of z(k)?
4
Let q(c) be the first derivative of 95*c**4/4 + c + 3. Let r be q(1). Suppose -3*l + r = -m - 4*m, m - 24 = -l. What is the tens digit of l?
2
Let b = 14 + -18. What is the units digit of 4*b/8 - -39?
7
Let d(x) = -x - 4. Let l be d(-7). Suppose -4*s + 214 = 2*y + 66, -5*s = l*y - 187. What is the units digit of s?
5
Suppose 24123 = -44*n + 61*n. What is the tens digit of n?
1
Suppose 67 = 8*g + 19. Suppose -g*d + 1816 - 58 = 0. What is the hundreds digit of d?
2
Suppose -7*h - 8 = -11*h. Suppose -6*d + h*d = -204. Let u = -35 + d. What is the tens digit of u?
1
Let c(g) = -g + 8. Let z(j) = 2*j - 16. Let u(t) = 5*c(t) + 2*z(t). What is the units digit of u(-17)?
5
Suppose -g + 0*g - 5*z = 18, 2*g + z = -9. Let h(l) = 1 - 10*l + 3 + 3 - 1 - 3. What is the units digit of h(g)?
3
Let s = -1881 + 3323. What is the hundreds digit of s?
4
Suppose -4*g + 12 - 4 = 0. Let f be g*((-1 - 0) + 3). Suppose 4*v = -5*l + 57, f*v - 4*l = -2*l + 78. What is the units digit of v?
8
Suppose -4*w = -a + 42, -7*w + 3*w - 132 = -4*a. Let c(v) = -4*v + 72. Let z be c(17). Suppose -37 = -5*l - 2*i, -1 + a = z*l + i. What is the units digit of l?
7
Let r = 128 - 122. Suppose 50 = 5*g - 0*g. Suppose g = -y + r*y. What is the units digit of y?
2
Let b(n) = -n**2 + 2*n + 1. Let s be b(2). Suppose 0 = -3*h - m - s - 1, 5 = -m. What is the tens digit of 13 + h + 4/4?
1
Let z(a) = -36*a + 1. Let y be z(-3). Let v = -7 + y. What is the tens digit of v?
0
Let h(o) = -o**3 - 9*o**2 - 3*o - 4. Let i be h(-8). What is the tens digit of -1 + 0 - (i - (-2 + 1))?
4
Let f(w) = 18*w**2 - 8*w + 63. What is the tens digit of f(-6)?
5
Let d = 31 + -24. Suppose 30 + d = q. What is the units digit of q?
7
Let t(w) = -14*w + 16*w + 3 - 1. Let o = 41 + -29. What is the tens digit of t(o)?
2
Suppose -2*b - 9 + 15 = 0, 3*b = -4*u + 6857. What is the hundreds digit of u?
7
Let s(a) = -3*a + a**2 + 3 - 9 + 15*a**2 - 4*a**2. Let n be s(-2). Suppose -4*k + n = -k. What is the units digit of k?
6
Let v be (-26)/(-1) - (2 - 4). What is the tens digit of -132*(v/(-12))/7?
4
Let a(p) = -20. Let l(m) = -m + 101. Let b(h) = 11*a(h) + 2*l(h). Let q be b(-12). Suppose -q*c = -8*c + 100. What is the tens digit of c?
5
Let c(v) = v**3 + 7*v**2 - v - 7. Let p be c(-7). Let h(k) = 2*k + 57. What is the units digit of h(p)?
7
Let c(i) be the first derivative of -i**4/4 + 8*i**3/3 + 3*i**2/2 - i - 4. What is the tens digit of c(6)?
8
Let r(k) = k**2 + 5*k + 7. Let s be r(-4). Suppose 0 = 5*u + 3*b - 443, -47 = -s*u - 2*b + 219. What is the units digit of u?
8
Let k(a) = 20*a - 9. Let d be k(15). Let l = d - 196. What is the units digit of l?
5
Suppose 5*z = -118966 - 43364. What is the tens digit of z/(-98) + 4/(-14)?
3
What is the tens digit of ((-403)/3)/(17/(-102))?
0
Let a(l) = -109*l + 45. What is the units digit of a(-3)?
2
What is the hundreds digit of ((-4632)/14)/(-3*3/63)?
3
Suppose -28*m + 32*m - 3948 = -4*j, j = 2*m + 984. What is the tens digit of j?
8
Let p = 23 + -22. What is the units digit of p?
1
Suppose -3*b - 452 = -4*f, -2*f - 2*b + 209 = -31. What is the tens digit of 4/6 + f/6?
2
Let j = 17 - -68. What is the tens digit of j/(-20)*48/(-3)?
6
Let h = -81 - -35. Suppose -2*l - 8 = 38. Let b = l - h. What is the tens digit of b?
2
Let q(x) = 14*x + 296. Let u(a) = -5*a - 99. Let o(p) = 6*q(p) + 17*u(p). What is the tens digit of o(0)?
9
Suppose -5*x + x - 20 = 0, v - 5*x = 201. What is the tens digit of v?
7
Suppose 23 = 4*s + 5*g, -2*s + g + 13 = 4*g. Let t(x) = -x**3 - 1 - 4*x + 0*x - 2 + 3*x - s*x**2. What is the tens digit of t(-4)?
3
Suppose -14*l + 12*l + 890 = 0. What is the units digit of l?
5
Let x(f) be the third derivative of -f**6/120 + f**5/10 + f**4/4 - 5*f**3/6 + 14*f**2. What is the units digit of x(6)?
1
Let n be 0/(6/3)*1. Suppose m + 1 = -2*y + 39, -m - 4*y + 48 = n. Suppose 4*z = 2*z + m. What is the tens digit of z?
1
Suppose 5*c = 2*o - 2, c + 5*o - 5 = -3*c. Suppose -2*k + c = -12. What is the units digit of k?
6
Let o be ((-1 - 0) + 171)/(9 - 8). What is the tens digit of o/6*(11 + -8)?
8
Let k be ((-16)/12)/(2/(-15)). Suppose 0 = -5*m - 5*v + 35, -v + k = -2*m + 3*v. Suppose -m*g + 4*g - 15 = 0. What is the tens digit of g?
1
Suppose 3*x + 2*x = 1250. What is the units digit of x?
0
Let z(m) = 2*m - 4. Let p be z(-2). What is the units digit of (154/p + 3)/(1/(-4))?
5
Suppose 5*t = -z + 15, 0 = 3*t + 4 - 1. Suppose 3*i - 6*i + 2*p = z, -3*p = -i - 2. What is the tens digit of (1*5)/(i/(-48))?
3
Suppose 101 = k - 2*n - 102, -2*k + 2*n + 416 = 0. What is the units digit of k?
3
Let f = 90 - -30. Suppose 2 = n - f. What is the tens digit of n?
2
Suppose 2*d - l - 343 = -d, -d + 105 = -5*l. Suppose 0 = -4*k + p + 263, -5*k = 4*p - 240 - d. What is the units digit of k?
7
Let b = 392 + 289. What is the hundreds digit of b?
6
Suppose 5*n - 4 = -c + 5, c = -1. Suppose n*a - 3*a = -8. What is the units digit of a?
8
Let t be (-340)/8*(2 + (-18)/15). Let i(p) = p**2 - 3*p + 5. Let k be i(-7). Let b = k + t. What is the units digit of b?
1
What is the units digit of 3/18*(0 + -2)*-1947?
9
Suppose -3*p + h = -144 - 40, -256 = -4*p + 4*h. What is the tens digit of (5/40*52)/(2/p)?
9
Suppose -9*m + 290 = -4*m. Suppose 13 = -5*b + m. Suppose p - b - 36 = 0. What is the units digit of p?
5
Let w(y) = -y + 5. Let o be w(0). What is the hundreds digit of 1441/6 + (87/18 - o)?
2
Let y be 198/55 - (-2)/5. Suppose -212 = -4*l - 2*m, -y*l + 2*m = -l - 145. What is the tens digit of l?
5
Let y(z) = -20*z - 3. Suppose -12 = -3*d + 6*d. Let r be y(d). What is the units digit of ((-12)/(-3) - r)*-1?
3
Let 